{"id":489,"date":"2025-08-25T17:33:29","date_gmt":"2025-08-25T15:33:29","guid":{"rendered":"http:\/\/ard58.fr\/?page_id=489"},"modified":"2025-11-23T11:13:16","modified_gmt":"2025-11-23T09:13:16","slug":"activites-specifiques-2","status":"publish","type":"page","link":"https:\/\/ard58.fr\/index.php\/activites-specifiques-2\/","title":{"rendered":"Activit\u00e9s sp\u00e9cifiques"},"content":{"rendered":"\n<h2  data-animation-delay=\"0\" data-animation-duration=\"10\">\n\t\t\tWeek-end en Touraine &#8211; autour de Blois\t<\/h2>\n\t\t\t\t<img decoding=\"async\" src=\"http:\/\/ard58.fr\/wp-content\/uploads\/2025\/11\/cheverny-300x150.webp\" alt=\"cheverny\" itemprop=\"image\" title=\"cheverny\" onerror=\"this.style.display='none'\" loading=\"lazy\" \/>\n\t<p>4 jours (du 11 au 14 juin 2026) pour randonner et d\u00e9couvrir Blois et sa r\u00e9gion: Cheverny, les Jardins de Chaumont-sur-Loire, La Fert\u00e9 Saint-Aubin, les portes de la Sologne&#8230;et quelques d\u00e9gustations (fou\u00e9es, vin, champignons&#8230;)<\/p>\n<p>Voir programme d\u00e9taill\u00e9 <a href=\"http:\/\/ard58.fr\/wp-content\/uploads\/2025\/11\/ARD-Programme-week-end-autour-de-Blois-Bienvenue-en-Touraine-juin-2026.pdf\">Programme week-end autour de Blois &#8211; Bienvenue en Touraine juin 2026<\/a><\/p>\n<p>&nbsp;<\/p>\n<h2  data-animation-delay=\"0\" data-animation-duration=\"10\">\n\t\t\tEscapade \u00e0 la journ\u00e9e \u00e0 Montlu\u00e7on\t<\/h2>\n\t\t\t\t<img decoding=\"async\" src=\"http:\/\/ard58.fr\/wp-content\/uploads\/2025\/08\/Montlucon-300x200.jpg\" alt=\"Montlu\u00e7on\" itemprop=\"image\" title=\"Montlu\u00e7on\" onerror=\"this.style.display='none'\" loading=\"lazy\" \/>\n\t<p>Une escapade d&rsquo;une journ\u00e9e en autocar le dimanche 31 ao\u00fbt 2025<\/p>\n<p>Voir programme d\u00e9taill\u00e9 \u00a0\u00a0<a href=\"http:\/\/ard58.fr\/wp-content\/uploads\/2025\/08\/ARD-Programme-excursion-Montlucon-31-aout-2025.pdf\">ARD &#8211; Programme excursion Montlu\u00e7on 31 ao\u00fbt 2025<\/a><\/p>\n<h2  data-animation-delay=\"0\" data-animation-duration=\"10\">\n\t\t\tWeek-end dans la r\u00e9gion du Puy-en-Velay\t<\/h2>\n\t\t\t\t<img decoding=\"async\" src=\"http:\/\/ard58.fr\/wp-content\/uploads\/2025\/08\/Le-Puy-en-Velay-pour-site-300x169.jpg\" alt=\"Le Puy en Velay pour site\" itemprop=\"image\" title=\"Le Puy en Velay pour site\" onerror=\"this.style.display='none'\" loading=\"lazy\" \/>\n\t<p>4 jours (du 19 au 22 juin) pour randonner et d\u00e9couvrir le Puy-en-Velay et sa r\u00e9gion : Ambert, La Chaise-Dieu &#8230;<\/p>\n<p>Voir programme d\u00e9taill\u00e9\u00a0 <a href=\"http:\/\/ard58.fr\/wp-content\/uploads\/2025\/08\/ARD-Programme-week-end-autour-du-Puy-en-Velay-juin-2025.pdf\">ARD &#8211; Programme week-end autour du Puy en Velay juin 2025<\/a><\/p>\n<h2  data-animation-delay=\"0\" data-animation-duration=\"10\">\n\t\t\tJourn\u00e9e rencontre des 3 marches\t<\/h2>\n\t<p>Le dimanche 29 juin les randonneurs des 3 marches (douce, nordique et traditionnelle) se donnent rendez-vous \u00e0 9 heures \u00e0 l&rsquo;aire du ch\u00eane \u00e0 Champvert pour une randonn\u00e9e suivie d&rsquo;un pique-nique.<\/p>\n<p>&nbsp;<\/p>\n<p><img loading=\"lazy\" decoding=\"async\" src=\"http:\/\/ard58.fr\/wp-content\/uploads\/2025\/08\/20250629_093101-225x300.jpg\" alt=\"\" width=\"225\" height=\"300\" \/><\/p>\n<h2  data-animation-delay=\"0\" data-animation-duration=\"10\">\n\t\t\tRepas annuel\t<\/h2>\n\t<p>Rendez-vous le dimanche 23 mars \u00e0 la salle Pierre-Perronnet pour les randonneurs et sympathisan<img loading=\"lazy\" decoding=\"async\" src=\"http:\/\/ard58.fr\/wp-content\/uploads\/2025\/08\/20230422_175050-225x300.jpg\" alt=\"\" width=\"225\" height=\"300\" \/>ts de l&rsquo;ARD<\/p>\n\n","protected":false},"excerpt":{"rendered":"<p>Week-end en Touraine &#8211; autour de Blois 4 jours (du 11 au 14 juin 2026) pour randonner et d\u00e9couvrir Blois et sa r\u00e9gion: Cheverny, les Jardins de Chaumont-sur-Loire, La Fert\u00e9 Saint-Aubin, les portes de la Sologne&#8230;et quelques d\u00e9gustations (fou\u00e9es, vin, champignons&#8230;) Voir programme d\u00e9taill\u00e9 Programme week-end autour de Blois &#8211; Bienvenue en Touraine juin 2026&hellip;&nbsp;<a href=\"https:\/\/ard58.fr\/index.php\/activites-specifiques-2\/\" rel=\"bookmark\"><span class=\"screen-reader-text\">Activit\u00e9s sp\u00e9cifiques<\/span><\/a><\/p>\n","protected":false},"author":1,"featured_media":0,"parent":0,"menu_order":0,"comment_status":"closed","ping_status":"closed","template":"","meta":{"neve_meta_sidebar":"","neve_meta_container":"","neve_meta_enable_content_width":"","neve_meta_content_width":0,"neve_meta_title_alignment":"","neve_meta_author_avatar":"","neve_post_elements_order":"","neve_meta_disable_header":"","neve_meta_disable_footer":"","neve_meta_disable_title":"on","footnotes":""},"class_list":["post-489","page","type-page","status-publish","hentry"],"_links":{"self":[{"href":"https:\/\/ard58.fr\/index.php\/wp-json\/wp\/v2\/pages\/489","targetHints":{"allow":["GET"]}}],"collection":[{"href":"https:\/\/ard58.fr\/index.php\/wp-json\/wp\/v2\/pages"}],"about":[{"href":"https:\/\/ard58.fr\/index.php\/wp-json\/wp\/v2\/types\/page"}],"author":[{"embeddable":true,"href":"https:\/\/ard58.fr\/index.php\/wp-json\/wp\/v2\/users\/1"}],"replies":[{"embeddable":true,"href":"https:\/\/ard58.fr\/index.php\/wp-json\/wp\/v2\/comments?post=489"}],"version-history":[{"count":11,"href":"https:\/\/ard58.fr\/index.php\/wp-json\/wp\/v2\/pages\/489\/revisions"}],"predecessor-version":[{"id":822,"href":"https:\/\/ard58.fr\/index.php\/wp-json\/wp\/v2\/pages\/489\/revisions\/822"}],"wp:attachment":[{"href":"https:\/\/ard58.fr\/index.php\/wp-json\/wp\/v2\/media?parent=489"}],"curies":[{"name":"wp","href":"https:\/\/api.w.org\/{rel}","templated":true}]}}